
What is -1036 (base 10) in base 5?
-13121
250 (base 13) to base 16
193
Convert 4748 (base 10) to base 9.
6455
Convert -4985 (base 10) to base 7.
-20351
-8292 (base 13) to base 7
-103401
What is -10100110111010 (base 2) in base 15?
-3272
What is -1477 (base 10) in base 5?
-21402
Convert 24043 (base 6) to base 15.
1073
What is 14ca2 (base 14) in base 8?
145256
Convert -32333 (base 5) to base 2.
-100010101010
212000201 (base 3) to base 11
11680
Convert -2530 (base 6) to base 10.
-630
-254 (base 7) to base 5
-1022
What is -318 (base 12) in base 4?
-13010
Convert 24744 (base 9) to base 7.
66346
What is 16b4 (base 13) in base 3?
11121101
-38941 (base 10) to base 12
-1a651
-1a9b8 (base 12) to base 7
-223010
-210010 (base 3) to base 4
-20322
Convert -20201 (base 3) to base 13.
-10c
What is -1cd (base 16) in base 11?
-38a
-2101212 (base 3) to base 15
-7bb
Convert 201210211 (base 3) to base 8.
34150
What is 300233 (base 4) in base 11?
2386
What is -31131 (base 5) in base 6?
-13241
Convert 431031 (base 5) to base 7.
60215
646 (base 7) to base 4
11020
What is -1435 (base 7) in base 16?
-235
Convert 2b1b6 (base 12) to base 16.
ed5a
1001011100100 (base 2) to base 14
1a96
What is -10101 (base 4) in base 11?
-229
Convert 11001111011 (base 2) to base 13.
9a8
Convert -843 (base 9) to base 6.
-3103
What is -24a (base 13) in base 7?
-1111
Convert -4321 (base 6) to base 2.
-1111011001
Convert -309a (base 11) to base 14.
-16d0
What is 13716 (base 9) in base 14?
3586
Convert 10100100010 (base 2) to base 12.
916
-12d (base 14) to base 12
-179
Convert 102665 (base 7) to base 5.
1032314
b2b8 (base 13) to base 11
17585
What is -1441112 (base 5) in base 13?
-1101b
Convert 533 (base 6) to base 13.
126
110011010001111 (base 2) to base 16
668f
188 (base 15) to base 14
1b3
Convert 4357 (base 10) to base 6.
32101
Convert -222023 (base 4) to base 10.
-2699
Convert -84d (base 14) to base 12.
-b45
-496c (base 13) to base 10
-10399
Convert a0fc (base 16) to base 15.
c327
Convert -11100103 (base 4) to base 2.
-101010000010011
2056 (base 10) to base 13
c22
What is 38233 (base 10) in base 5?
2210413
-2453 (base 9) to base 14
-94a
What is c40 (base 13) in base 16?
820
-2311 (base 4) to base 5
-1211
What is -1ba9 (base 16) in base 14?
-281b
-32428 (base 9) to base 15
-657b
83 (base 9) to base 14
55
What is -312032 (base 4) in base 11?
-2675
Convert -25252 (base 8) to base 4.
-2222222
12334 (base 5) to base 13
597
What is -1bd (base 15) in base 14?
-20b
-130 (base 11) to base 2
-10011010
10220202212 (base 3) to base 14
2015a
Convert 269 (base 16) to base 12.
435
Convert 50013 (base 6) to base 15.
1dc9
Convert -1278 (base 13) to base 12.
-1636
What is -13340 (base 9) in base 14?
-340b
What is 32a4 (base 11) in base 7?
15452
What is -4203 (base 5) in base 10?
-553
Convert -23308 (base 11) to base 8.
-101556
-2a03 (base 11) to base 13
-19c1
220111021 (base 3) to base 4
10112332
What is 13a55 (base 11) in base 4?
10313000
-202002 (base 3) to base 6
-2302
Convert -1431133 (base 5) to base 6.
-351400
1021200 (base 4) to base 14
1a00
What is 2a23 (base 13) in base 3?
22101102
-225134 (base 7) to base 4
-21310031
-22211212 (base 3) to base 11
-4933
What is 1531 (base 7) in base 9?
747
What is -315 (base 7) in base 9?
-186
-123004 (base 7) to base 4
-11201302
Convert -11101101000 (base 2) to base 13.
-b2b
-130103 (base 4) to base 9
-2432
2b9 (base 15) to base 9
763
What is -16507 (base 10) in base 12?
-9677
-68a (base 15) to base 8
-2710
What is 65 (base 15) in base 13?
74
What is -1444 (base 6) in base 14?
-1da
220011 (base 4) to base 6
15513
-100101101 (base 2) to base 6
-1221
Convert -d60 (base 15) to base 13.
-14ac
-13366 (base 10) to base 12
-789a
What is -6644 (base 10) in base 4?
-1213310
Convert 552 (base 15) to base 16.
4b2
What is -7bb4 (base 13) in base 10?
-17385
-a0 (base 13) to base 3
-11211
102102001 (base 3) to base 11
6281
What is 95 (base 16) in base 8?
225
Convert 6154 (base 15) to base 7.
113632
What is -210001 (base 3) in base 16?
-238
What is -20220 (base 6) in base 9?
-3603
Convert -220101211 (base 3) to base 16.
-457c
-1430 (base 5) to base 8
-360
1407 (base 9) to base 11
884
What is -469a (base 15) in base 10?
-14995
What is 1111101011 (base 2) in base 3?
1101011
Convert 2458 (base 12) to base 9.
5555
-3211 (base 6) to base 16
-2d7
Convert -35121 (base 6) to base 13.
-238c
Convert -14043 (base 9) to base 5.
-301031
What is -39a5 (base 14) in base 2?
-10011110011101
Convert 12aa (base 16) to base 9.
6488
What is 12207 (base 9) in base 10?
8188
-4314 (base 8) to base 10
-2252
101001110000110 (base 2) to base 13
996a
-4372 (base 8) to base 7
-6462
Convert 1253 (base 8) to base 2.
1010101011
Convert -35722 (base 11) to base 16.
-c8f9
Convert 635 (base 16) to base 7.
4430
-368 (base 15) to base 10
-773
Convert 22143 (base 6) to base 4.
300033
What is 2112200 (base 3) in base 2?
11100111110
809 (base 11) to base 6
4305
What is 224301 (base 5) in base 14?
2d2c
What is -1123013 (base 4) in base 15?
-1adb
Convert -2589 (base 13) to base 15.
-18bc
What is -3ab2 (base 13) in base 14?
-30dc
-455a (base 13) to base 11
-7326
-388 (base 15) to base 12
-56b
What is -12322 (base 8) in base 15?
-18a5
What is 158 (base 14) in base 11?
22a
What is -10020120200 (base 3) in base 15?
-13db6
Convert -c6 (base 13) to base 16.
-a2
-110110 (base 2) to base 16
-36
-121201 (base 3) to base 12
-317
-2193 (base 11) to base 2
-101101000101
111000001101 (base 2) to base 13
1839
3213 (base 9) to base 7
6612
What is -1ab7 (base 15) in base 5?
-141142
Convert -1164 (base 15) to base 11.
-2859
220 (base 13) to base 14
1c0
59c (base 16) to base 12
9b8
What is -135c (base 13) in base 2?
-101011011101
Convert -2011 (base 5) to base 6.
-1104
21120 (base 3) to base 5
1304
Convert dd12 (base 15) to base 5.
2444232
What is 10718 (base 11) in base 6?
155443
What is 133 (base 14) in base 2?
11110001
What is -10001110000010 (base 2) in base 14?
-3454
944 (base 14) to base 2
11100100000
What is -1754 (base 15) in base 11?
-3862
What is 3043 (base 12) in base 3?
21011220
What is -357 (base 14) in base 4?
-22121
Convert -100010001011111 (base 2) to base 4.
-10101133
What is -7ed (base 15) in base 2?
-11100000110
Convert 294 (base 10) to base 9.
356
Convert 3 (base 7) to base 2.
11
Convert -42220 (base 7) to base 2.
-10100010100010
Convert 10880 (base 9) to base 5.
213111
What is -10000021212 (base 3) in base 2?
-1110011101111101
-3625 (base 9) to base 14
-da8
Convert 10002133 (base 4) to base 13.
76b7
ab3 (base 16) to base 11
2070
What is 1759 (base 10) in base 3?
2102011
What is 13302 (base 4) in base 7?
1311
Convert 5014 (base 10) to base 12.
2a9a
What is 1277 (base 8) in base 11?
58a
Convert 52aa (base 12) to base 4.
2031202
-52444 (base 8) to base 4
-11110210
What is 3814 (base 11) in base 2?
1001101110000
20300 (base 7) to base 9
6708
13201 (base 4) to base 9
584
What is 770 (base 8) in base 15?
239
Convert -2a3 (base 16) to base 15.
-300
24 (base 13) to base 9
33
-685 (base 15) to base 10
-1475
65e (base 16) to base 11
1252
Convert -5451 (base 10) to base 4.
-1111023
Convert 582 (base 11) to base 9.
852
Convert -126 (base 15) to base 12.
-199
Convert -185 (base 10) to base 6.
-505
What is 1011022 (base 3) in base 16?
34d
Convert -1075 (base 9) to base 5.
-11142
What is 1165a (base 15) in base 5?
3233220
-114200 (base 5) to base 10
-4300
1335 (base 11) to base 12
1004
Convert -972a (base 12) to base 7.
-66244
3332 (base 4) to base 6
1102
Convert 1211100202 (base 3) to base 15.
a9de
What is -1047 (base 8) in base 6?
-2315
-11010100101 (base 2) to base 11
-1307
Convert -233213 (base 4) to base 12.
-191b
Convert -a65 (base 14) to base 15.
-919
-244 (base 6) to base 11
-91
What is -5cd (base 15) in base 12?
-91a
Convert 335 (base 6) to base 4.
2003
What is -2b57 (base 12) in base 10?
-5107
Convert -2563 (base 7) to base 2.
-1111010000
What is 70 (base 11) in base 8?
115
What is -2204 (base 8) in base 12?
-804
Convert -2034 (base 5) to base 3.
-100222
94 (base 11) to base 5
403
What is 15115 (base 6) in base 8?
4567
4034 (base 6) to base 15
3e1
Convert -3322 (base 5) to base 9.
-563
Convert -482 (base 11) to base 15.
-284
What is 343610 (base 7) in base 3?
10010011102
What is 23013 (base 5) in base 12?
b41
Conver